e
Is 122767 a prime number?
False
Is 49417 a prime number?
True
Is 61283 prime?
True
Is 567874 a composite number?
True
Is 22853 a composite number?
False
Is 304493 composite?
True
Is 19733 a composite number?
True
Is 12603 a prime number?
False
Is 1744681 a composite number?
True
Is 5306267 a prime number?
True
Is 52499 composite?
True
Is 175507 prime?
False
Is 1601023 composite?
False
Is 24403 a prime number?
False
Is 81394 a prime number?
False
Is 18947 a composite number?
False
Is 427693 a prime number?
False
Is 934894 composite?
True
Is 699 composite?
True
Is 94529 a composite number?
False
Is 7177 a composite number?
False
Is 272671 a composite number?
True
Is 160231 composite?
False
Is 5791 a composite number?
False
Is 535 prime?
False
Is 22061 a prime number?
False
Is 15259 composite?
False
Is 44665 a composite number?
True
Is 307621 a prime number?
False
Is 168677 prime?
True
Is 43723 prime?
False
Is 25853 composite?
True
Is 69427 prime?
True
Is 739 prime?
True
Is 129887 a composite number?
False
Is 12031 composite?
True
Is 8069 a prime number?
True
Is 3377 a composite number?
True
Is 12063 a prime number?
False
Is 9143 a composite number?
True
Is 877109 prime?
True
Is 1471 composite?
False
Is 157138 a composite number?
True
Is 6349 a prime number?
False
Is 673 composite?
False
Is 9613 a composite number?
False
Is 2518067 composite?
False
Is 8501 a prime number?
True
Is 989827 a composite number?
False
Is 4193 a composite number?
True
Is 164001 prime?
False
Is 4049 composite?
False
Is 134867 composite?
False
Is 2 composite?
False
Is 403197 a prime number?
False
Is 144947 a composite number?
True
Is 7321 composite?
False
Is 53813 a prime number?
True
Is 1349 composite?
True
Is 9818 a composite number?
True
Is 130577 composite?
True
Is 13781 composite?
False
Is 250829 composite?
False
Is 13435 a prime number?
False
Is 420143 composite?
True
Is 436681 a composite number?
True
Is 19177 composite?
True
Is 30757 prime?
True
Is 4903 a composite number?
False
Is 12653 a composite number?
False
Is 8779 a prime number?
True
Is 3274697 prime?
True
Is 992737 prime?
True
Is 341 prime?
False
Is 38903 a prime number?
True
Is 35303 a composite number?
True
Is 594739 a composite number?
False
Is 355171 prime?
True
Is 339391 composite?
True
Is 232153 a prime number?
True
Is 8497 a composite number?
True
Is 18514 a prime number?
False
Is 1603319 prime?
True
Is 13913 a prime number?
True
Is 9773 a prime number?
False
Is 19439 a composite number?
True
Is 808239 a composite number?
True
Is 631 a composite number?
False
Is 9809 a composite number?
True
Is 103217 composite?
False
Is 384106 prime?
False
Is 19447 prime?
True
Is 500381 prime?
False
Is 759359 a prime number?
True
Is 24599 a composite number?
True
Is 382013 a composite number?
True
Is 5989 a prime number?
False
Is 4919 a composite number?
False
Is 247067 a composite number?
False
Is 11329 prime?
True
Is 45007 a composite number?
False
Is 53891 composite?
False
Is 3245387 prime?
True
Is 1043 a prime number?
False
Is 1985419 prime?
True
Is 218591 prime?
True
Is 14719 prime?
False
Is 71761 a prime number?
True
Is 1732681 a prime number?
True
Is 28687 prime?
True
Is 35807 a composite number?
True
Is 70877 prime?
True
Is 95909 prime?
False
Is 18251 prime?
True
Is 1003 prime?
False
Is 398578 composite?
True
Is 80635 prime?
False
Is 28117 a prime number?
False
Is 566279 a composite number?
True
Is 11769 a composite number?
True
Is 7993 a prime number?
True
Is 371353 prime?
True
Is 10306 composite?
True
Is 63643 prime?
False
Is 931087 a prime number?
True
Is 31379 a prime number?
True
Is 85691 composite?
False
Is 215123 a prime number?
True
Is 79531 a prime number?
True
Is 31379 a prime number?
True
Is 247409 a composite number?
False
Is 1696445 prime?
False
Is 14963 a composite number?
True
Is 544837 composite?
False
Is 222289 composite?
False
Is 179669 prime?
False
Is 153871 a prime number?
True
Is 37039 a prime number?
True
Is 260483 a composite number?
False
Is 72461 prime?
True
Is 25433 prime?
False
Is 3761 a prime number?
True
Is 8081 a prime number?
True
Is 177097 composite?
True
Is 95447 a prime number?
False
Is 1259367 prime?
False
Is 25339 composite?
False
Is 365867 composite?
True
Is 31814 prime?
False
Is 189803 composite?
True
Is 11057 prime?
True
Is 66731 prime?
False
Is 46219 a composite number?
False
Is 7937 composite?
False
Is 38593 prime?
True
Is 48962 a composite number?
True
Is 37357 a composite number?
False
Is 267185 a prime number?
False
Is 126307 composite?
False
Is 963835 a prime number?
False
Is 3163 a composite number?
False
Is 72067 composite?
True
Is 2153 composite?
False
Is 57611 a prime number?
False
Is 2161 composite?
False
Is 766553 prime?
True
Is 7433 a composite number?
False
Is 17399 a prime number?
False
Is 699211 a prime number?
True
Is 149351 composite?
False
Is 2059109 a composite number?
True
Is 37285 a composite number?
True
Is 35933 a composite number?
False
Is 1613921 composite?
False
Is 31177 a composite number?
False
Is 196007 composite?
True
Is 159337 a prime number?
True
Is 1538063 composite?
True
Is 82067 a composite number?
False
Is 10057 a prime number?
False
Is 173347 a prime number?
True
Is 89041 a composite number?
False
Is 232109 prime?
True
Is 531901 a composite number?
False
Is 47621 a composite number?
True
Is 23434 prime?
False
Is 129431 prime?
False
Is 27163 a prime number?
False
Is 6547 a prime number?
True
Is 16711 a composite number?
True
Is 4677 a composite number?
True
Is 16487 a composite number?
False
Is 1600663 a composite number?
False
Is 15809 composite?
False
Is 684211 a prime number?
False
Is 109297 prime?
True
Is 1025669 prime?
True
Is 2014487 composite?
False
Is 1361 a composite number?
False
Is 139787 prime?
True
Is 541193 a prime number?
True
Is 46199 composite?
False
Is 546787 composite?
True
Is 6139 prime?
False
Is 367999 a prime number?
False
Is 129527 prime?
True
Is 2591 composite?
False
Is 326657 a prime number?
True
Is 95509 prime?
False
Is 89591 a prime number?
True
Is 46849 a prime number?
False
Is 164911 a composite number?
False
Is 943541 a composite number?
False
Is 115963 prime?
True
Is 368731 a composite number?
True
Is 158981 prime?
True
Is 9757 a prime number?
False
Is 394513 a prime number?
False
Is 4139787 a prime number?
False
Is 37189 a composite number?
False
Is 8737061 a composite number?
False
Is 1482193 a composite number?
False
Is 11239 prime?
True
Is 2809 a composite number?
True
Is 341206 a composite number?
True
Is 48947 composite?
False
Is 40771 prime?
True
Is 96593 a prime number?
False
Is 29243 prime?
True
Is 5561 a prime number?
False
Is 167393 a composite number?
False
Is 46651 a prime number?
False
Is 42193 composite?
False
Is 75877 a composite number?
True
Is 4679 composite?
False
Is 1673 a composite number?
True
Is 103063 composite?
True
Is 58043 a composite number?
False
Is 72763 prime?
True
Is 197599 a composite number?
False
Is 25409 composite?
False
Is 100447 prime?
True
Is 47935 a prime number?
False
Is 58937 prime?
True
Is 28387 prime?
True
Is 889363 a composite number?
False
Is 4547 composite?
False
Is 22333 a prime number?
False
Is 2549829 composite?
True
Is 11569 a composite number?
True
Is 33359 a prime number?
True
Is 104369 composite?
False
Is 134909 prime?
True
Is 133141 prime?
False
Is 516643 a prime number?
True
Is 1943 prime?
False
Is 32113 a composite number?
True
Is 63311 composite?
False
Is 670469 a prime number?
False
Is 94137 a composite number?
True
Is 1042237 a prime number?
False
Is 31667 prime?
True
Is 74797 prime?
True
Is 8198317 prime?
True
Is 12841 a prime number?
True
Is 43291 prime?
True
Is 383869 prime?
True
Is 134761 a prime number?
False
Is 5051 prime?
True
Is 411347 prime?
True
Is 559579 composite?
True
Is 39583 a prime number?
False
Is 8333 a composite number?
True
Is 17558 a composite number?
True
Is 765293 a prime number?
True
Is 10847 a composite number?
False
Is 2269 a composite number?
False
Is 111101 a composite number?
True
Is 1223323 prime?
True
Is 917 prime?
False
Is 367301 prime?
False
Is 114967 a prime number?
True
Is 64399 a prime number?
True
Is 896587 prime?
True
Is 25481 prime?
False
Is 23513 a composite number?
True
Is 48427 a prime number?
